{"id":684,"date":"2012-02-16T12:01:34","date_gmt":"2012-02-16T12:01:34","guid":{"rendered":"https:\/\/siebensinne.eu\/?page_id=684"},"modified":"2012-09-11T09:39:05","modified_gmt":"2012-09-11T09:39:05","slug":"der-muskelsinn-2","status":"publish","type":"page","link":"https:\/\/siebensinne.eu\/?page_id=684","title":{"rendered":"der MUSKELSINN"},"content":{"rendered":"<p><strong><span style=\"color: #800000;\">Was ist der MUSKELSINN? Und welche Funktion hat er?<\/span><\/strong><\/p>\n<p><strong><span style=\"color: #800000;\">Nat\u00fcrlich gibt es den MUSKELSINN nicht alleine. Es gibt ihn nur im Komplettpaket mit den anderen Sinnen und die Zusammenarbeit aller 7 Sinne sorgt f\u00fcr die Gesamtwahrnehmung, die unser Denken und Handeln erm\u00f6glicht. Je besser alle Sinne zusammenarbeiten, desto <em>m\u00fcheloser<\/em> und <em>effizienter<\/em> k\u00f6nnen wir denken und handeln.<\/span><\/strong><\/p>\n<p><strong><span style=\"color: #800000;\">Der MUSKELSINN\u00a0 kann und tut so viel f\u00fcr uns und ist dabei so unbekannt, dass ich es f\u00fcr n\u00f6tig gehalten habe, <a title=\"Material\" href=\"https:\/\/siebensinne.eu\/?page_id=759\">Material<\/a> zusammenzustellen, welches ihn angemessen vorstellt. Einen Teil davon finden Sie auf diesen Seiten.<\/span><\/strong><\/p>\n<p><strong><span style=\"color: #800000;\">Experimentieren Sie unter <a title=\"MUSKELSINN was ist das?\" href=\"https:\/\/siebensinne.eu\/?page_id=730\">MUSKELSINN was ist das?<\/a> mit Ihrem eigenen MUSKELSINN und erfahren Sie unter <a title=\"MUSKELSINN und Entwicklung\" href=\"https:\/\/siebensinne.eu\/?page_id=732\">MUSKELSINN und Entwicklung<\/a> welche besondere Rolle er im Baby- uns Kindesalter spielt.<\/span><\/strong><\/p>\n<p><a title=\"HOME\" href=\"https:\/\/siebensinne.eu\/\">HOME<\/a><br \/>\n<strong><\/strong><\/p>\n","protected":false},"excerpt":{"rendered":"<p>Was ist der MUSKELSINN? Und welche Funktion hat er? Nat\u00fcrlich gibt es den MUSKELSINN nicht alleine. Es gibt ihn nur im Komplettpaket mit den anderen Sinnen und die Zusammenarbeit aller 7 Sinne sorgt f\u00fcr die Gesamtwahrnehmung, die unser Denken und Handeln erm\u00f6glicht. Je besser alle Sinne zusammenarbeiten, desto m\u00fcheloser und effizienter k\u00f6nnen wir denken und [&hellip;]<\/p>\n","protected":false},"author":2,"featured_media":0,"parent":0,"menu_order":0,"comment_status":"closed","ping_status":"closed","template":"","meta":[],"_links":{"self":[{"href":"https:\/\/siebensinne.eu\/index.php?rest_route=\/wp\/v2\/pages\/684"}],"collection":[{"href":"https:\/\/siebensinne.eu\/index.php?rest_route=\/wp\/v2\/pages"}],"about":[{"href":"https:\/\/siebensinne.eu\/index.php?rest_route=\/wp\/v2\/types\/page"}],"author":[{"embeddable":true,"href":"https:\/\/siebensinne.eu\/index.php?rest_route=\/wp\/v2\/users\/2"}],"replies":[{"embeddable":true,"href":"https:\/\/siebensinne.eu\/index.php?rest_route=%2Fwp%2Fv2%2Fcomments&post=684"}],"version-history":[{"count":34,"href":"https:\/\/siebensinne.eu\/index.php?rest_route=\/wp\/v2\/pages\/684\/revisions"}],"predecessor-version":[{"id":838,"href":"https:\/\/siebensinne.eu\/index.php?rest_route=\/wp\/v2\/pages\/684\/revisions\/838"}],"wp:attachment":[{"href":"https:\/\/siebensinne.eu\/index.php?rest_route=%2Fwp%2Fv2%2Fmedia&parent=684"}],"curies":[{"name":"wp","href":"https:\/\/api.w.org\/{rel}","templated":true}]}}