{"id":2222,"date":"2018-06-25T19:43:57","date_gmt":"2018-06-25T19:43:57","guid":{"rendered":"https:\/\/siebensinne.eu\/?page_id=2222"},"modified":"2021-05-26T15:01:50","modified_gmt":"2021-05-26T15:01:50","slug":"nia-2","status":"publish","type":"page","link":"https:\/\/siebensinne.eu\/?page_id=2222","title":{"rendered":"NIA"},"content":{"rendered":"<p style=\"text-align: center;\"><span style=\"font-family: Arial, sans-serif;\"><span style=\"font-size: large;\">NIA &#8211; Das einzigartig angenehme Bewegungsprogramm und purer Gesundheitsbalsam f\u00fcr (nicht nur) den K\u00f6rper. Freude an der Bewegung ist das erste Prinzip von Nia. <\/span><\/span><\/p>\n<p style=\"text-align: center;\"><span style=\"font-family: Arial, sans-serif;\"><span style=\"font-size: large;\">Vielseitige, nat\u00fcrliche und ausgewogene Bewegungsabl\u00e4ufe &#8211; choreographiert und frei &#8211;\u00a0 zu abwechslungsreicher Musik\u00a0 vereinen das Beste aus Kampfk\u00fcnsten, K\u00f6rperwahrnehmungstechniken und verschiedenen Tanzrichtungen. <\/span><\/span><\/p>\n<p style=\"text-align: center;\"><span style=\"font-family: Arial, sans-serif;\"><span style=\"font-size: large;\">Wer Lust hat, sich in Gemeinschaft gesund und mit Freude zu bewegen, ist bei Nia genau richtig.<\/span><\/span><\/p>\n<p style=\"text-align: center;\"><span style=\"font-family: Arial, sans-serif;\"><span style=\"font-size: large;\">Unabh\u00e4ngig von Vorerfahrung, Alter, oder Fitnessgrad kann jede\/r einsteigen.<\/span><\/span><\/p>\n<p style=\"text-align: center;\"><span style=\"font-family: Arial, sans-serif;\"><span style=\"font-size: large;\">Warum Nia?<\/span><\/span><\/p>\n<p style=\"text-align: center;\"><span style=\"font-family: Arial, sans-serif;\"><span style=\"font-size: large;\">Weil es so gut tut!<\/span><\/span><\/p>\n<p><img loading=\"lazy\" class=\"aligncenter wp-image-2230\" src=\"http:\/\/siebensinne.eu\/wp-content\/uploads\/2018\/06\/9-bew-formen-ringe-neues-logo-Kopie-298x300.jpg\" alt=\"\" width=\"506\" height=\"509\" srcset=\"https:\/\/siebensinne.eu\/wp-content\/uploads\/2018\/06\/9-bew-formen-ringe-neues-logo-Kopie-298x300.jpg 298w, https:\/\/siebensinne.eu\/wp-content\/uploads\/2018\/06\/9-bew-formen-ringe-neues-logo-Kopie-150x150.jpg 150w, https:\/\/siebensinne.eu\/wp-content\/uploads\/2018\/06\/9-bew-formen-ringe-neues-logo-Kopie-768x773.jpg 768w, https:\/\/siebensinne.eu\/wp-content\/uploads\/2018\/06\/9-bew-formen-ringe-neues-logo-Kopie-1017x1024.jpg 1017w, https:\/\/siebensinne.eu\/wp-content\/uploads\/2018\/06\/9-bew-formen-ringe-neues-logo-Kopie-100x100.jpg 100w, https:\/\/siebensinne.eu\/wp-content\/uploads\/2018\/06\/9-bew-formen-ringe-neues-logo-Kopie.jpg 1240w\" sizes=\"(max-width: 506px) 100vw, 506px\" \/><\/p>\n<p><iframe title=\"Nia Live Event whith the Brownbelts in Hamburg - 2018\" width=\"500\" height=\"281\" src=\"https:\/\/www.youtube.com\/embed\/FTK2nw7IO8A?feature=oembed\" frameborder=\"0\" allow=\"accelerometer; autoplay; clipboard-write; encrypted-media; gyroscope; picture-in-picture\" allowfullscreen><\/iframe><\/p>\n<p><a href=\"https:\/\/www.youtube.com\/watch?v=Kz--CduHhw0\">Nia mit Pia und TN der M\u00fcrwiker Werkst\u00e4tten 2011 &#8211; YouTubehttps:\/\/youtu.be\/Kz&#8211;CduHhw0<\/a><\/p>\n<p><iframe title=\"Nia Live Event 20 years Celebration in Hamburg - 2018\" width=\"500\" height=\"281\" src=\"https:\/\/www.youtube.com\/embed\/wpGhTf_78CU?feature=oembed\" frameborder=\"0\" allow=\"accelerometer; autoplay; clipboard-write; encrypted-media; gyroscope; picture-in-picture\" allowfullscreen><\/iframe><\/p>\n<p style=\"text-align: center;\"><a href=\"https:\/\/siebensinne.eu\/?page_id=2292\">aktuelle Termine<\/a><\/p>\n<p style=\"text-align: center;\">Wenn du Nia zu dir holen m\u00f6chtest, melde dich sehr gerne bei mir.<br \/>\nFeier, Betriebssport, Gesundheitstage, Festival, Workshop,&#8230;<br \/>\nNia schenkt Gesundheit und Freude an der Bewegung &#8211; \u00fcberall.<br \/>\nSehr gerne auch als Eltern-Kind-Angebot und f\u00fcr inklusive Gruppen.<\/p>\n<p style=\"text-align: center;\">Jung, alt, dick, d\u00fcnn, fit oder eingerostet&#8230; Nia l\u00e4dt alle ein!<\/p>\n<p style=\"text-align: center;\"><a href=\"https:\/\/siebensinne.eu\/\">Kontakt<\/a><\/p>\n","protected":false},"excerpt":{"rendered":"<p>NIA &#8211; Das einzigartig angenehme Bewegungsprogramm und purer Gesundheitsbalsam f\u00fcr (nicht nur) den K\u00f6rper. Freude an der Bewegung ist das erste Prinzip von Nia. Vielseitige, nat\u00fcrliche und ausgewogene Bewegungsabl\u00e4ufe &#8211; choreographiert und frei &#8211;\u00a0 zu abwechslungsreicher Musik\u00a0 vereinen das Beste aus Kampfk\u00fcnsten, K\u00f6rperwahrnehmungstechniken und verschiedenen Tanzrichtungen. Wer Lust hat, sich in Gemeinschaft gesund und mit [&hellip;]<\/p>\n","protected":false},"author":2,"featured_media":0,"parent":0,"menu_order":0,"comment_status":"closed","ping_status":"closed","template":"","meta":[],"_links":{"self":[{"href":"https:\/\/siebensinne.eu\/index.php?rest_route=\/wp\/v2\/pages\/2222"}],"collection":[{"href":"https:\/\/siebensinne.eu\/index.php?rest_route=\/wp\/v2\/pages"}],"about":[{"href":"https:\/\/siebensinne.eu\/index.php?rest_route=\/wp\/v2\/types\/page"}],"author":[{"embeddable":true,"href":"https:\/\/siebensinne.eu\/index.php?rest_route=\/wp\/v2\/users\/2"}],"replies":[{"embeddable":true,"href":"https:\/\/siebensinne.eu\/index.php?rest_route=%2Fwp%2Fv2%2Fcomments&post=2222"}],"version-history":[{"count":20,"href":"https:\/\/siebensinne.eu\/index.php?rest_route=\/wp\/v2\/pages\/2222\/revisions"}],"predecessor-version":[{"id":2603,"href":"https:\/\/siebensinne.eu\/index.php?rest_route=\/wp\/v2\/pages\/2222\/revisions\/2603"}],"wp:attachment":[{"href":"https:\/\/siebensinne.eu\/index.php?rest_route=%2Fwp%2Fv2%2Fmedia&parent=2222"}],"curies":[{"name":"wp","href":"https:\/\/api.w.org\/{rel}","templated":true}]}}